at is a(15)?
15
Let g(b) = -52*b - 360. Determine g(-7).
4
Let c(i) = i**3 + 7*i**2 - 16*i - 43. What is c(-6)?
89
Let f(k) = -12*k + 367. What is f(33)?
-29
Let c(d) = -6*d**2 - 466*d + 1870. Give c(4).
-90
Let w(u) = u**3 + 6*u**2 + 15*u + 95. Calculate w(-6).
5
Let n(q) = q**2 - 38*q - 1203. Give n(57).
-120
Let n(q) = -4*q**2 + 15*q - 22. What is n(4)?
-26
Let a(j) = 27*j - 894. Determine a(31).
-57
Let l(t) = t**3 - 3*t**2 + 4*t + 32. Determine l(3).
44
Let h(i) = 602*i**2 - 42139*i - 68. Calculate h(70).
2
Let r(c) = -3*c**2 - 206*c + 1467. Give r(7).
-122
Let i(x) = x**2 - 23*x + 27. Calculate i(20).
-33
Let c(y) = 14076*y + 56323. What is c(-4)?
19
Let d(s) = -871*s - 3. Give d(0).
-3
Let i(v) = -14*v**2 + 56*v - 48. Give i(1).
-6
Let g(m) = 12*m**2 + 23*m + 65. What is g(-3)?
104
Let x(b) = 12*b**2 + 125*b + 37. What is x(-10)?
-13
Let p(r) = 76*r + 1609. Calculate p(-21).
13
Let q(m) = 2*m**3 + 41*m**2 + 37*m + 331. What is q(-20)?
-9
Let z(i) = -i**3 - 12*i**2 + 14*i - 29. What is z(-13)?
-42
Let p(d) = 2*d**2 + 87*d + 771. What is p(-25)?
-154
Let d(u) = -u**3 + 9*u**2 - 16*u - 5. What is d(3)?
1
Let b(i) = i**2 + 536*i - 26. Determine b(0).
-26
Let l(t) = -3*t**2 + 60*t + 52. Give l(20).
52
Let q(d) = d**3 - 4*d**2 - 4*d + 2. What is q(3)?
-19
Let k(b) = -6*b + 279. Calculate k(-22).
411
Let i(n) = n**3 - 35*n**2 + 249*n + 16. Calculate i(25).
-9
Let x(o) = -566*o - 4533. Give x(-8).
-5
Let u(g) = -11*g + 269. Calculate u(31).
-72
Let g(j) = -3*j**2 + 16*j + 46. What is g(7)?
11
Let c(l) = l**3 - 7*l**2 - 96*l + 581. Determine c(11).
9
Let n(f) = 17*f**2 + 666*f + 90. Determine n(-39).
-27
Let q(b) = -b**2 - 242*b - 1193. Calculate q(-5).
-8
Let r(g) = -9*g**2 - 117*g + 124. Give r(-14).
-2
Let k(n) = -n**2 + 5*n + 81. What is k(-9)?
-45
Let q(c) = c**3 + 19*c**2 - 17*c - 17. Give q(-20).
-77
Let g(n) = -n**2 - 46*n - 252. Calculate g(-39).
21
Let z(t) = -9*t**2 + 42*t + 146. Give z(7).
-1
Let q(n) = 19*n - 581. Calculate q(38).
141
Let x(t) = 9*t**3 + 8*t**2 - 14*t - 53. What is x(-3)?
-182
Let s(k) = k**2 - 26*k - 110. What is s(27)?
-83
Let f(v) = -104*v + 13740. Give f(132).
12
Let b(z) = -18*z**3 + 793*z**2 - 40*z - 185. What is b(44)?
-9
Let m(x) = 48*x**3 - x**2 - 1. Give m(1).
46
Let x(v) = -v**3 + 25*v**2 + 59*v - 1406. Give x(25).
69
Let i(f) = 264*f - 3717. Determine i(14).
-21
Let d(s) = 141*s - 48. What is d(-5)?
-753
Let g(s) = -1159*s + 9293. Give g(8).
21
Let c(q) = 20*q + 36. Determine c(4).
116
Let m(d) = -248*d**2 - 1981*d + 14. Give m(-8).
-10
Let w(n) = n**3 - 27*n**2 + 5*n + 547. Give w(26).
1
Let n(d) = -d**3 - 13*d**2 + 157*d + 2031. Calculate n(-13).
-10
Let f(u) = -2*u + 869. Calculate f(-8).
885
Let q(g) = g**2 - 63*g + 1037. Give q(33).
47
Let a(j) = j**2 + 65*j - 1056. Calculate a(-73).
-472
Let l(a) = -163*a - 234. Determine l(-6).
744
Let c(a) = -276*a**3 - 4*a**2 - 2*a + 5. Calculate c(1).
-277
Let y(v) = -394*v - 7869. Determine y(-20).
11
Let d(k) = -5*k**3 - 609*k**2 + 121*k - 120. Calculate d(-122).
2
Let u(s) = 31*s**2 + 2. Give u(1).
33
Let s(d) = 1173*d - 4691. Calculate s(4).
1
Let h(m) = 97*m - 2730. Give h(28).
-14
Let v(q) = -q**3 + 5*q**2 + 4*q + 19. Determine v(6).
7
Let c(p) = -2*p**2 + 73*p - 642. Determine c(15).
3
Let m(a) = -a**3 - 12*a**2 - 27*a - 19. Calculate m(-6).
-73
Let c(l) = 2*l**3 + 66*l**2 + 363*l - 4. Give c(-7).
3
Let o(p) = 1650*p + 13199. What is o(-8)?
-1
Let h(n) = 379*n + 2930. Calculate h(-9).
-481
Let x(t) = 41*t - 8. Calculate x(3).
115
Let b(t) = -t**2 + 161*t + 496. What is b(-3)?
4
Let s(f) = -f**2 + 43*f - 34. What is s(35)?
246
Let h(f) = -7*f**3 - 50*f**2 - 8*f + 13. What is h(-7)?
20
Let u(n) = -15*n - 608. Give u(-40).
-8
Let b(x) = x**2 - 41*x + 226. Give b(6).
16
Let c(u) = -149*u - 982. What is c(-6)?
-88
Let c(z) = -z**3 + 46*z**2 + 47*z - 1. Determine c(47).
-1
Let a(t) = -57*t - 554. What is a(-9)?
-41
Let w(n) = n**3 + 86*n**2 + 553*n - 46. Determine w(-79).
-46
Let k(z) = 15*z + 5. Calculate k(-32).
-475
Let k(c) = -11*c + 16. Give k(-3).
49
Let r(h) = -61*h**2 + 429*h - 12. Give r(7).
2
Let w(b) = -b**3 + 58*b**2 + 116*b + 230. Calculate w(60).
-10
Let h(s) = -s**3 - 6*s**2 + 142*s + 952. Determine h(-11).
-5
Let y(u) = u**3 + 11*u**2 - 1950*u - 11. Give y(39).
-11
Let d(u) = -u**3 + 6*u**2 + 107*u + 54. What is d(14)?
-16
Let q(g) = -11*g**2 - 48*g + 23. Determine q(-5).
-12
Let v(r) = r**3 + 9*r**2 + 38*r + 122. Calculate v(-6).
2
Let z(w) = -w**3 + 13*w**2 + 35*w - 637. What is z(11)?
-10
Let d(m) = 4*m**2 - 267*m - 823. Give d(-3).
14
Let k(o) = 11*o**3 + 67*o**2 + 14*o + 55. Calculate k(-6).
7
Let r(o) = -85*o - 20405. Give r(-240).
-5
Let u(o) = 8*o**2 - 83*o + 11. What is u(10)?
-19
Let z(j) = 497*j + 3477. Calculate z(-7).
-2
Let x(a) = a**3 - 2*a + 19. Give x(0).
19
Let c(z) = -z**2 - 13*z + 2. Give c(-11).
24
Let h(w) = 165*w + 1498. What is h(-9)?
13
Let g(y) = 406*y - 33290. Determine g(82).
2
Let w(n) = 13*n + 100. Give w(-16).
-108
Let q(i) = -2*i**2 + 15*i - 69. Calculate q(15).
-294
Let k(m) = m**2 - 12*m + 21. Calculate k(8).
-11
Let f(j) = -3*j**2 + 10*j - 3. Calculate f(3).
0
Let b(z) = 2*z**2 - 485*z + 10100. Calculate b(23).
3
Let m(y) = 4*y**3 - 5*y**2 + 2*y + 5. Determine m(3).
74
Let h(x) = 9*x**3 - 44*x**2 - 31*x + 6. Calculate h(-1).
-16
Let q(r) = r**3 + 24*r**2 - 20*r + 123. Give q(-25).
-2
Let c(k) = -4200*k + 25187. Determine c(6).
-13
Let g(k) = k**3 + k**2 - 10*k - 32. Determine g(0).
-32
Let u(h) = -597*h + 7761. Determine u(13).
0
Let f(k) = 2*k**3 + 3*k**2 - 2610*k + 630. Calculate f(-37).
1
Let s(f) = -764*f - 25968. What is s(-34)?
8
Let t(w) = 17*w + 309. Determine t(-17).
20
Let g(w) = -w**3 - 7*w**2 - 12*w - 43. Give g(-6).
-7
Let k(x) = 15*x - 618. Determine k(42).
12
Let z(j) = j**3 + 6*j**2 + 7*j + 1. Calculate z(-1).
-1
Let m(i) = 3818*i + 19082. Calculate m(-5).
-8
Let a(c) = -13*c**2 - 251*c - 28. Calculate a(-19).
48
Let d(b) = -b**2 + 53*b - 32. Determine d(55).
-142
Let t(g) = -g**3 - 164*g**2 + 841*g - 670. Calculate t(-169).
6
Let i(x) = x**2 - 5251*x - 10510. What is i(-2)?
-4
Let w(q) = 474*q + 1860. What is w(-4)?
-36
Let p(o) = -4*o**2 - 33*o + 260. Give p(5).
-5
Let g(x) = -341*x + 3427. Give g(10).
17
Let u(s) = -6*s**2 - 24*s + 4. Calculate u(-6).
-68
Let w(l) = -64*l**2 - 3*l + 1. What is w(1)?
-66
Let z(h) = -17491*h - 34974. Determine z(-2).
8
Let j(f) = -4*f**2 + 10*f + 9. Determine j(-3).
-57
Let r(d) = -d**3 + 11*d**2 + 131*d + 1. Give r(20).
-979
Let l(w) = -89*w + 227. What is l(6)?
-307
Let k(x) = 6*x**2 + 51*x + 24. Determine k(-9).
51
Let m(t) = -67*t**2 - 137*t + 3. Determine m(-2).
9
Let g(k) = k**2 + 9*k - 343. Determine g(37).
1359
Let f(m) = 2*m**3 + 405*m**2 + 209*m + 1419. Give f(-202).
5
Let d(o) = -15*o**2 - 89*o - 26. Determine d(-8).
-274
Let p(b) = 43*b + 11828. Determine p(-276).
-40
Let v(x) = -18*x - 398. Determine v(-22).
-2
Let t(f) = 2*f**3 + 209*f**2 - 320*f - 192. What is t(-106)?
20
Let j(n) = -n**3 - 46*n**2 - 41*n + 202. What is j(-45)?
22
Let a(w) = -12*w**2 + 231*w + 233. Calculate a(-1).
-10
Let t(y) = -5*y**3 + 51*y**2 + 42*y - 9. Calculate t(11).
-31
Let o(c) = c**3 - 8*c**2 - 28*c - 73. Give o(11).
-18
Let u(g) = g**3 + g**2 + g - 3. Calculate u(1).
0
Let n(j) = -313*j - 19725. Determine n(-63).
-6
Let h(o) = 36*o**2 - o + 17. What is h(-3)?
344
Let t(u) = 186*u - 6878. Give t(37).
4
Let v(f) = -f**3 + 23*f**2 + 126*f - 484. Give v(27).
2
Let y(c) = -17*c**2 + 2*c. Give y(3).
-147
Let y(r) = 2*r**2 - 119*r + 675. Calculate y(6).
33
Let u(l) = -306*l - 308. Calculate u(-1).
-2
Let g(m) = 6*m**2 - 53*m - 6. What is g(13)?
319
Let y(w) = w**2 + 48*w + 342. Give y(-9).
-9
Let q(s) = 2*s**2 + 137*s + 1428. Determine q(-13).
-15
Let h(v) = 2*v**3 + 255*v**2 + 128*v + 125. Calculate h(-127).
-2
Let t(p) = -13*p**2 - 119*p - 128. Calculate t(-9).
-110
Let p(d) = -d**3 - 3*d**2 + 247*d - 135. What is p(14)?
-9
Let v(k) = 59*k + 1646. Calculate v(-28).
-6
Let m(o) = -2*o**2 + 60*o - 258. Determine m(5).
-8
Let q(r) = -r**3 + 70*r**2 - 87*r + 1236. Give q(69).
-6
Let q(i) = -i**3 + 23*i**2 + 12*i + 113. Calculate q(24).
-175
Let y(t) = -t**3 + 22*t**2 + 24*t + 110. Calculate y(23).
133
Let u(a) = -24*a + 14. Calculate u(0).
14
Let p(f) = -88*f + 554. Wha